{"id":485,"date":"2025-08-09T22:56:36","date_gmt":"2025-08-10T01:56:36","guid":{"rendered":"https:\/\/paroquiaaparecidanilopolis.com.br\/?page_id=485"},"modified":"2025-08-20T01:17:34","modified_gmt":"2025-08-20T04:17:34","slug":"os-frades-2","status":"publish","type":"page","link":"https:\/\/paroquiaaparecidanilopolis.com.br\/index.php\/os-frades-2\/","title":{"rendered":"Os Frades"},"content":{"rendered":"\t\t<div data-elementor-type=\"wp-page\" data-elementor-id=\"485\" class=\"elementor elementor-485\" data-elementor-post-type=\"page\">\n\t\t\t\t<div class=\"elementor-element elementor-element-777b69f e-flex e-con-boxed e-con e-parent\" data-id=\"777b69f\" data-element_type=\"container\" data-e-type=\"container\">\n\t\t\t\t\t<div class=\"e-con-inner\">\n\t\t\t\t<div class=\"elementor-element elementor-element-4fcd9d5 elementor-widget elementor-widget-image\" data-id=\"4fcd9d5\" data-element_type=\"widget\" data-e-type=\"widget\" data-widget_type=\"image.default\">\n\t\t\t\t\t\t\t\t\t\t\t\t\t\t\t<img fetchpriority=\"high\" decoding=\"async\" width=\"1920\" height=\"480\" src=\"https:\/\/paroquiaaparecidanilopolis.com.br\/wp-content\/uploads\/2025\/08\/OFICIAL_CAPITULO.jpg\" class=\"attachment-2048x2048 size-2048x2048 wp-image-579\" alt=\"\" srcset=\"https:\/\/paroquiaaparecidanilopolis.com.br\/wp-content\/uploads\/2025\/08\/OFICIAL_CAPITULO.jpg 1920w, https:\/\/paroquiaaparecidanilopolis.com.br\/wp-content\/uploads\/2025\/08\/OFICIAL_CAPITULO-300x75.jpg 300w, https:\/\/paroquiaaparecidanilopolis.com.br\/wp-content\/uploads\/2025\/08\/OFICIAL_CAPITULO-1024x256.jpg 1024w, https:\/\/paroquiaaparecidanilopolis.com.br\/wp-content\/uploads\/2025\/08\/OFICIAL_CAPITULO-768x192.jpg 768w, https:\/\/paroquiaaparecidanilopolis.com.br\/wp-content\/uploads\/2025\/08\/OFICIAL_CAPITULO-1536x384.jpg 1536w\" sizes=\"(max-width: 1920px) 100vw, 1920px\" \/>\t\t\t\t\t\t\t\t\t\t\t\t\t\t\t<\/div>\n\t\t\t\t\t<\/div>\n\t\t\t\t<\/div>\n\t\t<div class=\"elementor-element elementor-element-41ca0d7 e-flex e-con-boxed e-con e-parent\" data-id=\"41ca0d7\" data-element_type=\"container\" data-e-type=\"container\">\n\t\t\t\t\t<div class=\"e-con-inner\">\n\t\t\t\t<div class=\"elementor-element elementor-element-9913d2e elementor-widget elementor-widget-heading\" data-id=\"9913d2e\" data-element_type=\"widget\" data-e-type=\"widget\" data-widget_type=\"heading.default\">\n\t\t\t\t\t<h2 class=\"elementor-heading-title elementor-size-default\">Miss\u00e3o Franciscana<\/h2>\t\t\t\t<\/div>\n\t\t\t\t<div class=\"elementor-element elementor-element-282c0c8 elementor-widget elementor-widget-heading\" data-id=\"282c0c8\" data-element_type=\"widget\" data-e-type=\"widget\" data-widget_type=\"heading.default\">\n\t\t\t\t\t<h4 class=\"elementor-heading-title elementor-size-default\">Frades Menores<\/h4>\t\t\t\t<\/div>\n\t\t\t\t\t<\/div>\n\t\t\t\t<\/div>\n\t\t<div class=\"elementor-element elementor-element-48a8d8f e-flex e-con-boxed e-con e-parent\" data-id=\"48a8d8f\" data-element_type=\"container\" data-e-type=\"container\">\n\t\t\t\t\t<div class=\"e-con-inner\">\n\t\t\t\t<div class=\"elementor-element elementor-element-1d1e7df elementor-widget elementor-widget-text-editor\" data-id=\"1d1e7df\" data-element_type=\"widget\" data-e-type=\"widget\" data-widget_type=\"text-editor.default\">\n\t\t\t\t\t\t\t\t\t<p>Somos chamados por Deus a viver o Evangelho de Jesus Cristo, da mesma forma que Ele se revelou a S\u00e3o Francisco de Assis. Nossa miss\u00e3o\u00a0<span style=\"font-style: inherit; font-weight: inherit;\">\u00e9 evangelizar n\u00e3o s\u00f3 com palavras, mas principalmente com a nossa vida e nossas a\u00e7\u00f5es, como irm\u00e3os e menores, seguindo o exemplo de humildade e servi\u00e7o que Francisco nos deixou.<\/span><\/p>\t\t\t\t\t\t\t\t<\/div>\n\t\t\t\t\t<\/div>\n\t\t\t\t<\/div>\n\t\t<div class=\"elementor-element elementor-element-1dc9ebd e-flex e-con-boxed e-con e-parent\" data-id=\"1dc9ebd\" data-element_type=\"container\" data-e-type=\"container\">\n\t\t\t\t\t<div class=\"e-con-inner\">\n\t\t\t\t<div class=\"elementor-element elementor-element-a2954ca elementor-widget elementor-widget-heading\" data-id=\"a2954ca\" data-element_type=\"widget\" data-e-type=\"widget\" data-widget_type=\"heading.default\">\n\t\t\t\t\t<h3 class=\"elementor-heading-title elementor-size-default\">Vida e A\u00e7\u00e3o<\/h3>\t\t\t\t<\/div>\n\t\t\t\t\t<\/div>\n\t\t\t\t<\/div>\n\t\t<div class=\"elementor-element elementor-element-a7d7ddb e-grid e-con-boxed e-con e-parent\" data-id=\"a7d7ddb\" data-element_type=\"container\" data-e-type=\"container\">\n\t\t\t\t\t<div class=\"e-con-inner\">\n\t\t\t\t<div class=\"elementor-element elementor-element-31b67e5 elementor-widget elementor-widget-text-editor\" data-id=\"31b67e5\" data-element_type=\"widget\" data-e-type=\"widget\" data-widget_type=\"text-editor.default\">\n\t\t\t\t\t\t\t\t\t<h3>1. Esp\u00edrito de ora\u00e7\u00e3o e devo\u00e7\u00e3o<\/h3><p>\u00a0<\/p><p>Cultivar, na contempla\u00e7\u00e3o do mist\u00e9rio de Deus e de sua a\u00e7\u00e3o na hist\u00f3ria, o projeto de vida e miss\u00e3o nascido de uma experi\u00eancia de f\u00e9 em fraternidade.<\/p>\t\t\t\t\t\t\t\t<\/div>\n\t\t\t\t<div class=\"elementor-element elementor-element-0453e56 elementor-widget elementor-widget-text-editor\" data-id=\"0453e56\" data-element_type=\"widget\" data-e-type=\"widget\" data-widget_type=\"text-editor.default\">\n\t\t\t\t\t\t\t\t\t<h3>2. Fraternidade e Minoridade<\/h3><p>Viver e agir em fraternidade, no lugar e na atitude de menores.<\/p>\t\t\t\t\t\t\t\t<\/div>\n\t\t\t\t\t<\/div>\n\t\t\t\t<\/div>\n\t\t<div class=\"elementor-element elementor-element-6268d70 e-grid e-con-boxed e-con e-parent\" data-id=\"6268d70\" data-element_type=\"container\" data-e-type=\"container\">\n\t\t\t\t\t<div class=\"e-con-inner\">\n\t\t\t\t<div class=\"elementor-element elementor-element-b99c962 elementor-widget elementor-widget-text-editor\" data-id=\"b99c962\" data-element_type=\"widget\" data-e-type=\"widget\" data-widget_type=\"text-editor.default\">\n\t\t\t\t\t\t\t\t\t<h3>3. Penit\u00eancia, pobreza e esp\u00edrito mission\u00e1rio<\/h3><p>Viver como penitentes, sem se apropriar de nada, como disc\u00edpulos de Jesus Cristo, dispostos a se desinstalar e a cruzar fronteiras para ir \u00e0s periferias geogr\u00e1ficas e existenciais.<\/p><p>Lorem ipsum dolor sit amet, consectetur adipiscing elit. Ut elit tellus, luctus nec ullamcorper mattis, pulvinar dapibus leo.<\/p>\t\t\t\t\t\t\t\t<\/div>\n\t\t\t\t<div class=\"elementor-element elementor-element-b569c61 elementor-widget elementor-widget-text-editor\" data-id=\"b569c61\" data-element_type=\"widget\" data-e-type=\"widget\" data-widget_type=\"text-editor.default\">\n\t\t\t\t\t\t\t\t\t<h3>4. Justi\u00e7a, Paz e Integridade da Cria\u00e7\u00e3o<\/h3><p>Ser uma fraternidade solid\u00e1ria com os pobres e exclu\u00eddos, e comprometida com os valores da reconcilia\u00e7\u00e3o, justi\u00e7a, paz e integridade da Cria\u00e7\u00e3o.<\/p>\t\t\t\t\t\t\t\t<\/div>\n\t\t\t\t\t<\/div>\n\t\t\t\t<\/div>\n\t\t<div class=\"elementor-element elementor-element-1929866 e-grid e-con-boxed e-con e-parent\" data-id=\"1929866\" data-element_type=\"container\" data-e-type=\"container\">\n\t\t\t\t\t<div class=\"e-con-inner\">\n\t\t\t\t<div class=\"elementor-element elementor-element-b8d25eb elementor-widget elementor-widget-text-editor\" data-id=\"b8d25eb\" data-element_type=\"widget\" data-e-type=\"widget\" data-widget_type=\"text-editor.default\">\n\t\t\t\t\t\t\t\t\t<h3>5. Comunh\u00e3o com a Igreja<\/h3><p>Viver nossa voca\u00e7\u00e3o e miss\u00e3o na e com a Igreja, Povo de Deus, em esp\u00edrito de obedi\u00eancia e rever\u00eancia aos seus pastores.<\/p>\t\t\t\t\t\t\t\t<\/div>\n\t\t\t\t<div class=\"elementor-element elementor-element-d948630 elementor-widget elementor-widget-text-editor\" data-id=\"d948630\" data-element_type=\"widget\" data-e-type=\"widget\" data-widget_type=\"text-editor.default\">\n\t\t\t\t\t\t\t\t\t<h3>6. Comunh\u00e3o com a Ordem e a Fam\u00edlia Franciscana<\/h3><p>Viver em comunh\u00e3o com todos os irm\u00e3os e irm\u00e3s, dados pelo Senhor, nesta fam\u00edlia carism\u00e1tica.<\/p>\t\t\t\t\t\t\t\t<\/div>\n\t\t\t\t\t<\/div>\n\t\t\t\t<\/div>\n\t\t<div class=\"elementor-element elementor-element-a463089 e-grid e-con-boxed e-con e-parent\" data-id=\"a463089\" data-element_type=\"container\" data-e-type=\"container\">\n\t\t\t\t\t<div class=\"e-con-inner\">\n\t\t\t\t<div class=\"elementor-element elementor-element-2c86ca1 elementor-widget elementor-widget-text-editor\" data-id=\"2c86ca1\" data-element_type=\"widget\" data-e-type=\"widget\" data-widget_type=\"text-editor.default\">\n\t\t\t\t\t\t\t\t\t<h3>7. Comunh\u00e3o com os leigos<\/h3><p>Assumir o servi\u00e7o evangelizador de forma partilhada com os leigos e leigas, numa Igreja toda ela portadora do dom do Evangelho.<\/p>\t\t\t\t\t\t\t\t<\/div>\n\t\t\t\t<div class=\"elementor-element elementor-element-86126a3 elementor-widget elementor-widget-text-editor\" data-id=\"86126a3\" data-element_type=\"widget\" data-e-type=\"widget\" data-widget_type=\"text-editor.default\">\n\t\t\t\t\t\t\t\t\t<h3>8. Di\u00e1logo ecum\u00eanico, inter-religioso e intercultural<\/h3><p>Andar pelo mundo como servos e s\u00faditos de todos, pac\u00edficos e humildes, com olhar positivo e acolhedor, dispostos a conviver, dialogar e colaborar para o bem, com as diferentes Igrejas, religi\u00f5es, culturas e pessoas de boa vontade.<\/p>\t\t\t\t\t\t\t\t<\/div>\n\t\t\t\t\t<\/div>\n\t\t\t\t<\/div>\n\t\t<div class=\"elementor-element elementor-element-ca76b6c e-flex e-con-boxed e-con e-parent\" data-id=\"ca76b6c\" data-element_type=\"container\" data-e-type=\"container\">\n\t\t\t\t\t<div class=\"e-con-inner\">\n\t\t\t\t<div class=\"elementor-element elementor-element-d40bd6a elementor-widget elementor-widget-heading\" data-id=\"d40bd6a\" data-element_type=\"widget\" data-e-type=\"widget\" data-widget_type=\"heading.default\">\n\t\t\t\t\t<h2 class=\"elementor-heading-title elementor-size-default\">A Prov\u00edncia<\/h2>\t\t\t\t<\/div>\n\t\t\t\t\t<\/div>\n\t\t\t\t<\/div>\n\t\t<div class=\"elementor-element elementor-element-0c3ae14 e-flex e-con-boxed e-con e-parent\" data-id=\"0c3ae14\" data-element_type=\"container\" data-e-type=\"container\">\n\t\t\t\t\t<div class=\"e-con-inner\">\n\t\t\t\t<div class=\"elementor-element elementor-element-a87321b elementor-widget elementor-widget-text-editor\" data-id=\"a87321b\" data-element_type=\"widget\" data-e-type=\"widget\" data-widget_type=\"text-editor.default\">\n\t\t\t\t\t\t\t\t\t<p>A Prov\u00edncia Franciscana da Imaculada Concei\u00e7\u00e3o est\u00e1 presente no Brasil e em Angola. No Brasil, temos fraternidades nos Estados de Santa Catarina, Paran\u00e1, S\u00e3o Paulo, Rio de Janeiro e Esp\u00edrito Santo, agrupadas em Regionais. Em Angola, temos fraternidades nas cidades de Luanda, Viana, Malange e Quibala, que constituem a Funda\u00e7\u00e3o Imaculada M\u00e3e de Deus de Angola \u2013 FIMDA.<\/p><p>Em \u00e2mbito provincial, a anima\u00e7\u00e3o e coordena\u00e7\u00e3o de nossa vida e miss\u00e3o s\u00e3o feitas pelo Cap\u00edtulo Provincial, pelo Ministro Provincial com seu Definit\u00f3rio, pelo Secretariado para a Evangeliza\u00e7\u00e3o e pelo Secretariado para a Forma\u00e7\u00e3o e os Estudos.<\/p><p>Esta tarefa de governo conta com uma Secretaria, os Servi\u00e7os de Comunica\u00e7\u00e3o e Arquivo, o Economato e uma Assessoria Jur\u00eddica.<\/p>\t\t\t\t\t\t\t\t<\/div>\n\t\t\t\t\t<\/div>\n\t\t\t\t<\/div>\n\t\t<div class=\"elementor-element elementor-element-e9c8ab2 e-flex e-con-boxed e-con e-parent\" data-id=\"e9c8ab2\" data-element_type=\"container\" data-e-type=\"container\">\n\t\t\t\t\t<div class=\"e-con-inner\">\n\t\t\t\t<div class=\"elementor-element elementor-element-d1169e9 elementor-widget elementor-widget-heading\" data-id=\"d1169e9\" data-element_type=\"widget\" data-e-type=\"widget\" data-widget_type=\"heading.default\">\n\t\t\t\t\t<h4 class=\"elementor-heading-title elementor-size-default\">Secretariados<\/h4>\t\t\t\t<\/div>\n\t\t\t\t\t<\/div>\n\t\t\t\t<\/div>\n\t\t<div class=\"elementor-element elementor-element-27a3e48 e-flex e-con-boxed e-con e-parent\" data-id=\"27a3e48\" data-element_type=\"container\" data-e-type=\"container\">\n\t\t\t\t\t<div class=\"e-con-inner\">\n\t\t\t\t<div class=\"elementor-element elementor-element-28f2c18 elementor-widget elementor-widget-text-editor\" data-id=\"28f2c18\" data-element_type=\"widget\" data-e-type=\"widget\" data-widget_type=\"text-editor.default\">\n\t\t\t\t\t\t\t\t\t<p>S\u00e3o \u00f3rg\u00e3os de assessoria do Ministro Provincial e seu Definit\u00f3rio para animar, articular e coordenador a vida e a a\u00e7\u00e3o dos irm\u00e3os nos diferentes campos da evangeliza\u00e7\u00e3o.<\/p>\t\t\t\t\t\t\t\t<\/div>\n\t\t\t\t\t<\/div>\n\t\t\t\t<\/div>\n\t\t<div class=\"elementor-element elementor-element-26b7f48 e-flex e-con-boxed e-con e-parent\" data-id=\"26b7f48\" data-element_type=\"container\" data-e-type=\"container\">\n\t\t\t\t\t<div class=\"e-con-inner\">\n\t\t\t\t<div class=\"elementor-element elementor-element-c9a2989 elementor-widget elementor-widget-heading\" data-id=\"c9a2989\" data-element_type=\"widget\" data-e-type=\"widget\" data-widget_type=\"heading.default\">\n\t\t\t\t\t<h4 class=\"elementor-heading-title elementor-size-default\">Secretariados para a Evangeliza\u00e7\u00e3o<\/h4>\t\t\t\t<\/div>\n\t\t\t\t\t<\/div>\n\t\t\t\t<\/div>\n\t\t<div class=\"elementor-element elementor-element-95846ac e-flex e-con-boxed e-con e-parent\" data-id=\"95846ac\" data-element_type=\"container\" data-e-type=\"container\">\n\t\t\t\t\t<div class=\"e-con-inner\">\n\t\t\t\t<div class=\"elementor-element elementor-element-af16b0f elementor-widget elementor-widget-text-editor\" data-id=\"af16b0f\" data-element_type=\"widget\" data-e-type=\"widget\" data-widget_type=\"text-editor.default\">\n\t\t\t\t\t\t\t\t\t<p>A Prov\u00edncia est\u00e1 presente em cinco Frentes de Evangeliza\u00e7\u00e3o:<\/p><ol><li>Par\u00f3quias, Santu\u00e1rios e Centros de Acolhimento<\/li><li>Educa\u00e7\u00e3o<\/li><li>Comunica\u00e7\u00e3o<\/li><li>Solidariedade para com os Empobrecidos<\/li><li>Miss\u00f5es<\/li><\/ol>\t\t\t\t\t\t\t\t<\/div>\n\t\t\t\t\t<\/div>\n\t\t\t\t<\/div>\n\t\t<div class=\"elementor-element elementor-element-f9f7d2a e-flex e-con-boxed e-con e-parent\" data-id=\"f9f7d2a\" data-element_type=\"container\" data-e-type=\"container\">\n\t\t\t\t\t<div class=\"e-con-inner\">\n\t\t\t\t<div class=\"elementor-element elementor-element-8e53a70 elementor-widget elementor-widget-heading\" data-id=\"8e53a70\" data-element_type=\"widget\" data-e-type=\"widget\" data-widget_type=\"heading.default\">\n\t\t\t\t\t<h4 class=\"elementor-heading-title elementor-size-default\">Secretariado para a Forma\u00e7\u00e3o e os Estudos<\/h4>\t\t\t\t<\/div>\n\t\t\t\t\t<\/div>\n\t\t\t\t<\/div>\n\t\t<div class=\"elementor-element elementor-element-94d6511 e-flex e-con-boxed e-con e-parent\" data-id=\"94d6511\" data-element_type=\"container\" data-e-type=\"container\">\n\t\t\t\t\t<div class=\"e-con-inner\">\n\t\t\t\t<div class=\"elementor-element elementor-element-4451f68 elementor-widget elementor-widget-text-editor\" data-id=\"4451f68\" data-element_type=\"widget\" data-e-type=\"widget\" data-widget_type=\"text-editor.default\">\n\t\t\t\t\t\t\t\t\t<p>A Forma\u00e7\u00e3o dos Frades se articula em tr\u00eas etapas:<\/p><ol><li>Forma\u00e7\u00e3o Permanente<\/li><li>Anima\u00e7\u00e3o Vocacional<\/li><li>Forma\u00e7\u00e3o e Estudos<\/li><\/ol>\t\t\t\t\t\t\t\t<\/div>\n\t\t\t\t\t<\/div>\n\t\t\t\t<\/div>\n\t\t<div class=\"elementor-element elementor-element-0600bdc e-flex e-con-boxed e-con e-parent\" data-id=\"0600bdc\" data-element_type=\"container\" data-e-type=\"container\">\n\t\t\t\t\t<div class=\"e-con-inner\">\n\t\t\t\t<div class=\"elementor-element elementor-element-6dfd7e3 elementor-widget elementor-widget-heading\" data-id=\"6dfd7e3\" data-element_type=\"widget\" data-e-type=\"widget\" data-widget_type=\"heading.default\">\n\t\t\t\t\t<h4 class=\"elementor-heading-title elementor-size-default\">Qualifica\u00e7\u00e3o<\/h4>\t\t\t\t<\/div>\n\t\t\t\t\t<\/div>\n\t\t\t\t<\/div>\n\t\t<div class=\"elementor-element elementor-element-2215923 e-flex e-con-boxed e-con e-parent\" data-id=\"2215923\" data-element_type=\"container\" data-e-type=\"container\">\n\t\t\t\t\t<div class=\"e-con-inner\">\n\t\t\t\t<div class=\"elementor-element elementor-element-ecfa18d elementor-widget elementor-widget-text-editor\" data-id=\"ecfa18d\" data-element_type=\"widget\" data-e-type=\"widget\" data-widget_type=\"text-editor.default\">\n\t\t\t\t\t\t\t\t\t<p>A Prov\u00edncia Franciscana da Imaculada Concei\u00e7\u00e3o do Brasil \u00e9 uma Entidade sem fins lucrativos, de car\u00e1ter religioso, beneficente, educativo, cultural e de assist\u00eancia social. \u00c9 composta por mais de sessenta casas (fraternidades), nos Estados do Esp\u00edrito Santo, Rio de Janeiro, S\u00e3o Paulo, Paran\u00e1 e Santa Catarina. Disp\u00f5e dos Certificados de Utilidade P\u00fablica Municipal (S\u00e3o Paulo), Estadual (S\u00e3o Paulo) e Federal.<\/p>\t\t\t\t\t\t\t\t<\/div>\n\t\t\t\t\t<\/div>\n\t\t\t\t<\/div>\n\t\t<div class=\"elementor-element elementor-element-a7da88e e-flex e-con-boxed e-con e-parent\" data-id=\"a7da88e\" data-element_type=\"container\" data-e-type=\"container\">\n\t\t\t\t\t<div class=\"e-con-inner\">\n\t\t\t\t<div class=\"elementor-element elementor-element-6f857de elementor-widget elementor-widget-heading\" data-id=\"6f857de\" data-element_type=\"widget\" data-e-type=\"widget\" data-widget_type=\"heading.default\">\n\t\t\t\t\t<h4 class=\"elementor-heading-title elementor-size-default\">Certifica\u00e7\u00e3o<\/h4>\t\t\t\t<\/div>\n\t\t\t\t\t<\/div>\n\t\t\t\t<\/div>\n\t\t<div class=\"elementor-element elementor-element-d80771e e-flex e-con-boxed e-con e-parent\" data-id=\"d80771e\" data-element_type=\"container\" data-e-type=\"container\">\n\t\t\t\t\t<div class=\"e-con-inner\">\n\t\t\t\t<div class=\"elementor-element elementor-element-491352e elementor-widget elementor-widget-text-editor\" data-id=\"491352e\" data-element_type=\"widget\" data-e-type=\"widget\" data-widget_type=\"text-editor.default\">\n\t\t\t\t\t\t\t\t\t<div class=\"wpb_text_column wpb_content_element \"><span style=\"color: #1e293b; font-style: inherit; font-weight: 600;\">Certificados e Registros que a Prov\u00edncia Franciscana possui:<\/span><\/div><div>\u00a0<\/div><div class=\"vc_row wpb_row vc_inner vc_row-fluid\"><div class=\"wpb_column vc_column_container vc_col-sm-4\"><div class=\"vc_column-inner\"><div class=\"wpb_wrapper\"><div class=\"wpb_text_column wpb_content_element \"><div class=\"wpb_wrapper\"><ul><li>CNPJ\/MF: 62.340.203\/0001-84<\/li><li>Utilidade P\u00fablica Federal: Proc. MJ-62.771-71 \u2013 Decreto 72.171 de 04\/05\/73<\/li><li>Utilidade P\u00fablica Estadual: Lei 10.206 de 07\/01\/99<\/li><li>Utilidade P\u00fablica Municipal: Decreto 36.813 de 15\/04\/97<\/li><li>Inscri\u00e7\u00e3o estadual: isento<\/li><li>Inscri\u00e7\u00e3o Municipal: 8.335.160-4<\/li><\/ul><\/div><\/div><\/div><\/div><\/div><\/div>\t\t\t\t\t\t\t\t<\/div>\n\t\t\t\t\t<\/div>\n\t\t\t\t<\/div>\n\t\t\t\t<\/div>\n\t\t","protected":false},"excerpt":{"rendered":"<p>Miss\u00e3o Franciscana Frades Menores Somos chamados por Deus a viver o Evangelho de Jesus Cristo, da mesma forma que Ele [&hellip;]<\/p>\n","protected":false},"author":1,"featured_media":0,"parent":0,"menu_order":0,"comment_status":"closed","ping_status":"closed","template":"","meta":{"site-sidebar-layout":"no-sidebar","site-content-layout":"","ast-site-content-layout":"full-width-container","site-content-style":"default","site-sidebar-style":"default","ast-global-header-display":"","ast-banner-title-visibility":"","ast-main-header-display":"","ast-hfb-above-header-display":"","ast-hfb-below-header-display":"","ast-hfb-mobile-header-display":"","site-post-title":"","ast-breadcrumbs-content":"","ast-featured-img":"disabled","footer-sml-layout":"","ast-disable-related-posts":"","theme-transparent-header-meta":"","adv-header-id-meta":"","stick-header-meta":"","header-above-stick-meta":"","header-main-stick-meta":"","header-below-stick-meta":"","astra-migrate-meta-layouts":"default","ast-page-background-enabled":"default","ast-page-background-meta":{"desktop":{"background-color":"var(--ast-global-color-5)","background-image":"","background-repeat":"repeat","background-position":"center center","background-size":"auto","background-attachment":"scroll","background-type":"","background-media":"","overlay-type":"","overlay-color":"","overlay-opacity":"","overlay-gradient":""},"tablet":{"background-color":"","background-image":"","background-repeat":"repeat","background-position":"center center","background-size":"auto","background-attachment":"scroll","background-type":"","background-media":"","overlay-type":"","overlay-color":"","overlay-opacity":"","overlay-gradient":""},"mobile":{"background-color":"","background-image":"","background-repeat":"repeat","background-position":"center center","background-size":"auto","background-attachment":"scroll","background-type":"","background-media":"","overlay-type":"","overlay-color":"","overlay-opacity":"","overlay-gradient":""}},"ast-content-background-meta":{"desktop":{"background-color":"var(--ast-global-color-4)","background-image":"","background-repeat":"repeat","background-position":"center center","background-size":"auto","background-attachment":"scroll","background-type":"","background-media":"","overlay-type":"","overlay-color":"","overlay-opacity":"","overlay-gradient":""},"tablet":{"background-color":"var(--ast-global-color-4)","background-image":"","background-repeat":"repeat","background-position":"center center","background-size":"auto","background-attachment":"scroll","background-type":"","background-media":"","overlay-type":"","overlay-color":"","overlay-opacity":"","overlay-gradient":""},"mobile":{"background-color":"var(--ast-global-color-4)","background-image":"","background-repeat":"repeat","background-position":"center center","background-size":"auto","background-attachment":"scroll","background-type":"","background-media":"","overlay-type":"","overlay-color":"","overlay-opacity":"","overlay-gradient":""}},"footnotes":""},"class_list":["post-485","page","type-page","status-publish","hentry"],"_links":{"self":[{"href":"https:\/\/paroquiaaparecidanilopolis.com.br\/index.php\/wp-json\/wp\/v2\/pages\/485","targetHints":{"allow":["GET"]}}],"collection":[{"href":"https:\/\/paroquiaaparecidanilopolis.com.br\/index.php\/wp-json\/wp\/v2\/pages"}],"about":[{"href":"https:\/\/paroquiaaparecidanilopolis.com.br\/index.php\/wp-json\/wp\/v2\/types\/page"}],"author":[{"embeddable":true,"href":"https:\/\/paroquiaaparecidanilopolis.com.br\/index.php\/wp-json\/wp\/v2\/users\/1"}],"replies":[{"embeddable":true,"href":"https:\/\/paroquiaaparecidanilopolis.com.br\/index.php\/wp-json\/wp\/v2\/comments?post=485"}],"version-history":[{"count":85,"href":"https:\/\/paroquiaaparecidanilopolis.com.br\/index.php\/wp-json\/wp\/v2\/pages\/485\/revisions"}],"predecessor-version":[{"id":4040,"href":"https:\/\/paroquiaaparecidanilopolis.com.br\/index.php\/wp-json\/wp\/v2\/pages\/485\/revisions\/4040"}],"wp:attachment":[{"href":"https:\/\/paroquiaaparecidanilopolis.com.br\/index.php\/wp-json\/wp\/v2\/media?parent=485"}],"curies":[{"name":"wp","href":"https:\/\/api.w.org\/{rel}","templated":true}]}}